9001?
9
What is the tens digit of 3482050?
5
What is the thousands digit of 20347?
0
What is the units digit of 121008?
8
What is the tens digit of 3063601?
0
What is the hundred thousands digit of 1630976?
6
What is the hundred thousands digit of 1272995?
2
What is the hundreds digit of 443883?
8
What is the thousands digit of 11539229?
9
What is the ten thousands digit of 373376?
7
What is the millions digit of 3797312?
3
What is the millions digit of 1402431?
1
What is the millions digit of 4627390?
4
What is the hundred thousands digit of 251407?
2
What is the ten thousands digit of 739168?
3
What is the hundreds digit of 255215?
2
What is the hundreds digit of 28996182?
1
What is the hundred thousands digit of 7798075?
7
What is the ten thousands digit of 4238513?
3
What is the thousands digit of 556510?
6
What is the hundred thousands digit of 179946?
1
What is the tens digit of 1745703?
0
What is the hundreds digit of 607254?
2
What is the ten thousands digit of 17215574?
1
What is the ten thousands digit of 96004?
9
What is the units digit of 3490543?
3
What is the ten thousands digit of 216404?
1
What is the thousands digit of 991145?
1
What is the hundred thousands digit of 669193?
6
What is the tens digit of 126445?
4
What is the hundreds digit of 654939?
9
What is the millions digit of 23997790?
3
What is the tens digit of 672090?
9
What is the ten thousands digit of 318302?
1
What is the thousands digit of 496802?
6
What is the hundred thousands digit of 34720007?
7
What is the ten millions digit of 18479790?
1
What is the hundred thousands digit of 783578?
7
What is the hundred thousands digit of 837552?
8
What is the ten thousands digit of 2396709?
9
What is the hundreds digit of 25695312?
3
What is the tens digit of 3133649?
4
What is the thousands digit of 114296?
4
What is the hundreds digit of 1353622?
6
What is the ten thousands digit of 916099?
1
What is the tens digit of 783915?
1
What is the thousands digit of 1624676?
4
What is the ten thousands digit of 222180?
2
What is the units digit of 4863791?
1
What is the hundreds digit of 271901?
9
What is the units digit of 5422449?
9
What is the hundreds digit of 23511?
5
What is the ten thousands digit of 545883?
4
What is the tens digit of 1524342?
4
What is the units digit of 62188?
8
What is the ten thousands digit of 3950116?
5
What is the tens digit of 17855?
5
What is the ten thousands digit of 844370?
4
What is the thousands digit of 4461748?
1
What is the hundreds digit of 3302920?
9
What is the hundred thousands digit of 593945?
5
What is the thousands digit of 1065646?
5
What is the tens digit of 59104?
0
What is the tens digit of 542313?
1
What is the millions digit of 1538841?
1
What is the millions digit of 2298927?
2
What is the ten thousands digit of 410017?
1
What is the ten thousands digit of 189138?
8
What is the thousands digit of 3550036?
0
What is the thousands digit of 229368?
9
What is the tens digit of 1469456?
5
What is the thousands digit of 28119265?
9
What is the units digit of 14976556?
6
What is the ten thousands digit of 342729?
4
What is the hundreds digit of 4084284?
2
What is the ten thousands digit of 1648532?
4
What is the ten thousands digit of 5945324?
4
What is the ten thousands digit of 9695171?
9
What is the hundreds digit of 3749275?
2
What is the hundreds digit of 27223?
2
What is the ten thousands digit of 367755?
6
What is the millions digit of 2709795?
2
What is the ten thousands digit of 2414212?
1
What is the units digit of 1246195?
5
What is the hundred thousands digit of 375268?
3
What is the hundreds digit of 4333373?
3
What is the hundred thousands digit of 5708056?
7
What is the hundreds digit of 114865?
8
What is the thousands digit of 2361226?
1
What is the ten thousands digit of 3898835?
9
What is the units digit of 162623?
3
What is the units digit of 1217275?
5
What is the ten thousands digit of 285143?
8
What is the thousands digit of 138567?
8
What is the tens digit of 756597?
9
What is the hundreds digit of 928279?
2
What is the ten thousands digit of 6646242?
4
What is the hundreds digit of 5001492?
4
What is the tens digit of 41750?
5
What is the units digit of 1986815?
5
What is the ten thousands digit of 77197?
7
What is the hundred thousands digit of 4048029?
0
What is the ten thousands digit of 1480336?
8
What is the hundred thousands digit of 157795?
1
What is the thousands digit of 124035?
4
What is the units digit of 5026306?
6
What is the ten millions digit of 25972849?
2
What is the units digit of 2373029?
9
What is the units digit of 1323846?
6
What is the tens digit of 50910?
1
What is the tens digit of 395155?
5
What is the hundred thousands digit of 1533725?
5
What is the tens digit of 157378?
7
What is the hundreds digit of 416644?
6
What is the hundred thousands digit of 209898?
2
What is the hundreds digit of 267964?
9
What is the units digit of 3693117?
7
What is the millions digit of 6159597?
6
What is the thousands digit of 130533?
0
What is the hundred thousands digit of 5689031?
6
What is the hundreds digit of 9673565?
5
What is the ten thousands digit of 117786?
1
What is the thousands digit of 226426?
6
What is the hundreds digit of 85988?
9
What is the tens digit of 9326961?
6
What is the units digit of 1021478?
8
What is the thousands digit of 2110088?
0
What is the units digit of 7399926?
6
What is the thousands digit of 1286949?
6
What is the hundred thousands digit of 3647983?
6
What is the hundred thousands digit of 3533603?
5
What is the hundred thousands digit of 294492?
2
What is the hundreds digit of 1834145?
1
What is the thousands digit of 4742724?
2
What is the tens digit of 39604?
0
What is the hundred thousands digit of 171817?
1
What is the tens digit of 232940?
4
What is the ten thousands digit of 8333969?
3
What is the thousands digit of 91358?
1
What is the hundred thousands digit of 287139?
2
What is the hundred thousands digit of 614195?
6
What is the hundreds digit of 34861?
8
What is the hundreds digit of 1408918?
9
What is the hundred thousands digit of 185849?
1
What is the units digit of 2016364?
4
What is the ten thousands digit of 173067?
7
What is the thousands digit of 7473?
7
What is the ten thousands digit of 330551?
3
What is the hundreds digit of 545202?
2
What is the ten thousands digit of 6236565?
3
What is the ten thousands digit of 168500?
6
What is the thousands digit of 122557?
2
What is the thousands digit of 1163537?
3
What is the tens digit of 7956843?
4
What is the units digit of 246024?
4
What is the ten thousands digit of 413099?
1
What is the tens digit of 87858?
5
What is the units digit of 1177918?
8
What is the hundreds digit of 9227656?
6
What is the tens digit of 11672115?
1
What is the hundred thousands digit of 334338?
3
What is the thousands digit of 1711520?
1
What is the thousands digit of 618138?
8
What is the thousands digit of 5059?
5
What is the units digit of 7900199?
9
What is the thousands digit of 14915218?
5
What is the thousands digit of 5248747?
8
What is the tens digit of 471469?
6
What is the thousands digit of 677548?
7
What is the thousands digit of 44418?
4
What is the thousands digit of 6009533?
9
What is the hundred thousands digit of 11161161?
1
What is the hundreds digit of 519306?
3
What is the hundred thousands digit of 238370?
2
What is the units digit of 11200449?
9
What is the units digit of 102469?
9
What is the tens digit of 2042744?
4
What is the hundred thousands digit of 16023263?
0
What is the ten thousands digit of 999435?
9
What is the hundreds digit of 13814511?
5
What is the units digit of 6138477?
7
What is the ten millions digit of 10831931?
1
What is the hundreds digit of 6207477?
4
What is the tens digit of 24755561?
6
What is the millions digit of 4007397?
4
What is the millions digit of 3030502?
3
What is the thousands digit of 40602?
0
What is the hundred thousands digit of 1616909?
6
What is the hundreds digit of 641259?
2
What is the tens digit of 2561643?
4
What is the ten thousands digit of 2628181?
2
What is the units digit of 10726?
6
What is the thousands digit of 263277?
3
What is the millions digit of 5785779?
5
What is the millions digit of 9020518?
9
What is the hundred thousan